17679 = 0. Let c(t) = -t**2 + 12*t - 11. What is c(x)?
24
Let u be (-2 - (1 + -17)) + -2. Let x be (-6)/4 - u/8. Let i(s) = 468*s + 7 + 7 - 467*s + 7 - 22. Calculate i(x).
-4
Let v(z) be the second derivative of 5*z**4/6 - 2*z**3/3 + 3*z**2/2 + 3*z + 140. What is v(2)?
35
Let j(z) = -51*z - 9. Let l(o) = -18*o - 3. Let c(g) = 2*j(g) - 6*l(g). Let m = 13 + -8. Suppose m*f - 5 = -h, 3*h - 1 + 5 = 4*f. Determine c(f).
6
Let z(v) = 60*v + 42. Let k(t) = -2*t - 1. Let m(s) = -24*k(s) - z(s). Let q(i) = -4*i - 6. Let u(x) = -2*m(x) + 7*q(x). Calculate u(-4).
10
Let u(q) be the first derivative of -q**4/4 - 11*q**3/3 - 10*q**2 + 2*q + 10394. Give u(-9).
20
Let k(z) = z**3 - 12*z**2 - 12*z - 12. Suppose 1936*b - 325 = 1911*b. Give k(b).
1
Let q = 39 - 41. Let h = q - 1. Let d(r) be the second derivative of -r**5/20 - r**4/4 - r**3/3 - r**2 + 8*r. Calculate d(h).
4
Let q(n) be the third derivative of -n**5/60 - 3*n**4/4 + 2*n**3 + 3971*n**2 + 1. What is q(-7)?
89
Let r(f) = -35*f - 21*f - 27*f - 23*f - f**2 + 108*f. Let l = -1 - -3. Suppose 2*p + 4*m + m = l, 3*m = p - 1. What is r(p)?
1
Let j(i) = -5*i**2 + 494*i + 96. Let o be j(99). Let q(m) be the third derivative of 0*m**3 - 4*m**2 - 1/6*m**4 + 0*m + 0. What is q(o)?
12
Suppose 13*i = -114 - 16. Let q(x) = -14*x - 147. Determine q(i).
-7
Let h(r) be the third derivative of -r**4/12 - 19*r**3/6 - 23*r**2 + 113. Calculate h(-3).
-13
Let i(s) = 4*s**2 - 2*s - 39. Let c be i(7). Let l(f) = -c + 293 - 151 - 13*f + f**2. Determine l(13).
-1
Suppose -9*f + 313 - 286 = 0. Let z(i) = 2*i**3 - 3*i**2 - 3*i + 3. Calculate z(f).
21
Let l(h) = 5*h - 21. Let p(f) = -11*f + 42. Let j(r) = 9*l(r) + 4*p(r). Let a be j(22). Let d(t) = 2*t**2 - 3*t + 2. Give d(a).
1
Let k(b) = -73*b + 124. Let i(s) = -85*s + 129. Let a(r) = 4*i(r) - 5*k(r). Determine a(4).
-4
Let t(c) = -9*c**2 + 7*c - 9. Let k(o) = -8*o**2 + 7*o - 8. Let i(r) = -7*k(r) + 6*t(r). Let h be -3 - (0/(-2 - -4) - 8). Give i(h).
17
Let d(s) = -2*s**3 - 5*s**2 + 4*s + 10. Suppose 744*f = 578*f. Calculate d(f).
10
Suppose 3*s + 99 = 5*c, -4*c + 21*s = 16*s - 74. Suppose h - 6*r = -2*r + 24, 0 = 4*h - r - 81. Suppose -c*q + h*q = 0. Let a(v) = v - 3. What is a(q)?
-3
Let l(b) = 10*b**3 - 26*b**2 + 10*b - 28. Let w(a) = 3*a**3 - 9*a**2 + 3*a - 9. Let r(d) = -2*l(d) + 7*w(d). Let f be 44*((-116)/1044)/((-8)/18). Give r(f).
4
Let m(t) = -13*t**2 + 14*t**2 + 17 - 35 - 4*t + 14. Suppose 6*q = 30 - 12. What is m(q)?
-7
Let t(z) = -z**2 + 48. Let o be t(-6). Let n(h) = -9 - 14*h + 20 + 0*h**3 + h**3 + o*h**2 - 22. What is n(-13)?
2
Let l(i) = 4938*i + 74067. Let u be l(-15). Let t(x) = 2*x + x**3 + 3*x**2 - 3 + 0*x + 4. Determine t(u).
-5
Let r(w) be the first derivative of 3*w**2 + 7*w + 936. Calculate r(-4).
-17
Suppose 3*o = -v + 7*o + 10, -5*v - 4*o = -26. Suppose 4*c - 2*c - v = 0. Let q(m) = -m - 1 - 2*m - c + 2*m. Calculate q(-4).
0
Let s(f) = 2*f**2 + 2*f**2 - 13*f**3 + 6*f**3 + 6*f**3 + 15 - 3*f + 0*f**3. What is s(5)?
-25
Let a be -489*10/(-15) - -4. Let z = 324 - a. Let u(d) = -d - 1. Determine u(z).
5
Let z = 7 + -3. Let l(b) = 4 + 1 - 4 - 7*b**2 - z*b + 5*b. Suppose 20 + 31 = -51*a. Give l(a).
-7
Let s(l) be the first derivative of l**3/3 + 4*l**2 + 5*l + 41651. Let f(n) = -3*n**2 + 3*n - 2. Let t be f(2). Determine s(t).
5
Suppose 0 = -45*c - 23*c - 136. Let s(m) = 8*m + 4. Determine s(c).
-12
Let p(u) = u**3 - 9*u**2 + 2*u - 6. Suppose -43 + 48 = -w. Let t be w + (6 - 5 - -13). What is p(t)?
12
Let g(d) = -6*d + 95. Suppose 2*c - 88 = -5*i, 13*c - 60 = -3*i + 10*c. Determine g(i).
-1
Let d(r) = 53*r + 71*r + 67*r + 68 + 68*r - 272*r. Determine d(5).
3
Let j(m) = -25 - 27 - 3*m + m**2 - 73. Let c be j(13). Let i(k) = -k**3 + 5*k**2 + 2*k + 3. Give i(c).
13
Suppose 74 = 5*r - 31. Suppose -18*d + 21*d - r = 0. Suppose -d = -o - 6. Let y(t) = -9*t. Calculate y(o).
-9
Let m(b) = -31*b**3 - 10*b**2 + 5*b + 9. Let z(a) = -109*a**3 - 29*a**2 + 14*a + 28. Let j(r) = 7*m(r) - 2*z(r). Calculate j(11).
-37
Let s(v) = -378*v - 2 + 814*v + 3*v**2 - 4*v**2 - 434*v + 2*v**3. Let i = 2 - -1. Let a = i + -1. Calculate s(a).
14
Let o be -1 - ((-4 - 1) + 2). Let w(l) = -1 - 1 + 3 - 3*l**o - 3*l**2. Let t be 8/(-36) + (-3)/((-54)/(-14)). Calculate w(t).
-5
Let l(g) be the first derivative of 56 - 1/3*g**3 - 6*g + 7/2*g**2. What is l(5)?
4
Let q(t) be the first derivative of 11*t**2/2 - 3*t - 1375. Determine q(-4).
-47
Let c(j) = 260*j**3 - 89*j**3 - 6 + j**2 - 81*j**3 + 4*j - 5*j - 89*j**3. Let g be 6/5*(-30)/(-9). Let x be (-1 - -1)/(g/(-2)). What is c(x)?
-6
Let u(w) = 18*w - 22. Let s = 6902 + -6896. What is u(s)?
86
Let n(r) = 2*r. Let t(p) = 92 - 47 + 30*p - 45. Let x(g) = 18*n(g) - 2*t(g). Calculate x(1).
-24
Let s be 1*1*(3 - 4)*1. Let q(b) = 3*b**3 - 7*b**2 - 4*b + 9. Let p(g) = g**3 - g. Let o(d) = s*q(d) + 2*p(d). What is o(7)?
5
Let z(n) be the first derivative of 3*n**4/4 - 2*n**3/3 - n**2/2 - 1. Let b = -381 + 44. Let y = b - -336. Determine z(y).
-4
Let z be 1/4 + 42/(-8). Let k(v) be the second derivative of v**5/20 + v**4/3 - v**3 - 1371*v - 28. What is k(z)?
5
Suppose 0 = 49*a - 30182 + 30280. Let b(s) = s**2 - s + 1. Let j(i) = 4*i**2 - 4*i. Let p(t) = 3*b(t) - j(t). Give p(a).
-3
Let z = 22937/2 + -11465. Let r(p) be the first derivative of -z*p**2 - 5*p - 25 - 1/3*p**3. Give r(-6).
1
Let m be 1/(((-5)/(-4) + 1)/(69/92)). Let o(w) be the first derivative of -2 - m*w**3 + 0*w - 5/2*w**2. Calculate o(-6).
-6
Let s(z) = -z**3 + 15*z**2 + z - 24. Suppose 0 = 3*u - 4*t - 934 + 913, 3*u = -t + 51. Calculate s(u).
-9
Let u(y) = y**3 + 10*y**2 + 11*y + 4. Let i(o) = 337*o - 9. Let l be i(0). Calculate u(l).
-14
Let z(f) be the third derivative of -f**5/60 + f**4/24 + 32*f**3/3 + 7*f**2 + 17*f. Determine z(-8).
-8
Let z(f) = f**2 - 7*f - 5. Let v = -13 + 13. Suppose 8*g - 18 - 38 = v. Give z(g).
-5
Let v(u) = -u**3 + 3*u**2 + 7*u - 3. Let r = -850 + 856. Let m be (-40)/12*(-9)/r. Calculate v(m).
-18
Let o be (-30)/(-50) - 37/(-5). Let l(d) = d**3 + 5*d**2 - d + 6. Let i(m) = -m**3 - 3*m**2 - 5. Let s(j) = 7*i(j) + 6*l(j). Give s(o).
17
Let o(u) = -u**3 + 9*u**2 + 4*u + 2. Let b(m) = 3*m**3 - 28*m**2 - 10*m - 3. Let y(q) = -2*b(q) - 7*o(q). Determine y(8).
-8
Let x(i) = -2*i + 3. Suppose 0 = -20*n - 8*n + 1232. Suppose 4*l - n = -68. Calculate x(l).
15
Let c be (-4)/(3/(-6) - 0). Suppose -1 = -3*i + l + c, -i - 5*l = 13. Suppose 3*s - i*s = -4*s. Let o(p) = p**3 + p**2 - p - 5. Determine o(s).
-5
Let k be 1*(2 + (-8)/(-4)). Suppose -4 = k*r + 28. Let n be (0 - -1)*(6 + r). Let v(c) = c**3 - 2*c**2. What is v(n)?
-16
Let h = -41 + 44. Let q(g) = -94*g**2 - 2 - 3*g + 90*g**2 - g**h + 0*g. Determine q(-3).
-2
Suppose 18 = -5*g - 7, 2*c - 2*g + 56 = 0. Let q = c + 34. Let r(w) = 5*w**2 - w. Calculate r(q).
4
Let k(b) = -b + 13. Let x = 19 - -3. Let f be k(x). Let g(j) = j**2 + 9*j + 4. What is g(f)?
4
Let z(o) be the second derivative of -o**6/720 - o**5/20 + o**4/12 - o**3/2 + 26*o - 2. Let q(m) be the third derivative of z(m). What is q(0)?
-6
Let j(y) = -9*y**3 + 3*y + 2. Let b(i) = 16*i**3 - 2*i**2 - 5*i - 4. Let p(h) = -4*b(h) - 7*j(h). Give p(8).
-6
Let r(f) = 16*f**2 - 21*f - 10. Let q(o) = o**2 - 6*o - 4. Let t(s) = -7*s - 5. Let u(k) = 3*q(k) - 2*t(k). Let d(b) = -2*r(b) + 11*u(b). Calculate d(-5).
33
Let n(o) = o**3 - 31*o**2 + 35*o - 134. Suppose 158 - 191 = -15*c + 417. What is n(c)?
16
Let j(f) = -f**3 - 9*f**2 - f + 7. Let r = -301 - -210. Let w be -1*(r/(-7) + -4). Determine j(w).
16
Let c(s) be the second derivative of 2*s**3 + 34*s**2 - 399*s. Calculate c(-6).
-4
Suppose b + 124 = 3*x, -5*x + 2*b = 11 - 216. Suppose -x = 2*o - 35. Let i(w) = -w**2 - 6*w + 5. Determine i(o).
13
Let c(u) = 52*u - 289. Let r be c(6). Let y(q) = 34*q + 8 + r*q - 58*q. Determine y(6).
2
Let t(z) = -z**2 + 11*z + 271. Let r(g) = -g**3 + 10*g**2 + 341*g - 97. Let s be r(24). What is t(s)?
-5
Let l be (19/(-228))/((-3)/12). Let v(q) be the first derivative of -l*q**3 + 16 + 0*q**2 - 6*q. Give v(0).
-6
Let m(u) = 840*u**2 - 419*u**2 - 55 - 12*u + u**3 - 417*u**2. Determine m(-4).
-7
Let c(v) = -v**2 + 2*v + 7. Let o be c(5). Let f be o/16 + (-10)/4. Let y(i) = 7600 - 3796 - 3806 + 7*i. What is y(f)?
-23
Let d be (-4)/6 - (-3)/(-9). Let q(h) be the second derivative of h